40.
8
Suppose -5*o + 20 - 2 = 4*b, 4*b - 6 = o. Calculate the greatest common factor of b and 22.
2
Suppose 0 = -4*r + 38 - 10. Let c = 1 + r. Let g be (c/6)/((-6)/(-63)). Calculate the greatest common factor of g and 98.
14
Suppose 0 = 4*q - 71 - 369. Calculate the highest common divisor of q and 11.
11
Let q = -40 + 46. What is the greatest common divisor of 3 and q?
3
Let g(r) = -r**3 + 2*r**2 + 4*r - 1. Let x be g(3). Let f be 1 + -1 + x - -3. Let w = 75 - 35. What is the greatest common factor of w and f?
5
Suppose 2*n - 2 - 8 = 0. Let o(r) = r**2 - 5*r + 3. Let u be o(n). Calculate the highest common divisor of 3 and u.
3
Let a(l) = 10*l + 5. Let g be a(-4). Let p = 68 + g. Calculate the highest common factor of 11 and p.
11
Let c(a) = -2*a + 22. Let x be c(-5). What is the greatest common factor of 8 and x?
8
Let z = 5 + 2. Suppose -3*i = -z*i + 224. What is the highest common factor of i and 8?
8
Let p(l) = -l - 4. Let o be p(-8). Suppose -5*s = -g - 4*g + 265, -o*g + 5*s = -212. Let n = 89 - g. What is the highest common divisor of n and 4?
4
Suppose -4*v - 2*d - d + 13 = 0, -3*v - 2*d + 10 = 0. Suppose 20 = v*w - 4*c, -6*w + 3*w + 9 = -5*c. What is the greatest common divisor of 24 and w?
8
Let u be -3 + -3 + (-1 - -7). Let z = u + 6. What is the highest common divisor of z and 4?
2
Let d(c) = -16*c - 5. Let p be d(-5). Let q(r) = -r**3 + 2*r**2 - 1. Let b be q(-2). What is the highest common divisor of p and b?
15
Let g be 16/3 + 3/(-9). Suppose 95 = g*m + y, 2*y + y = 2*m - 55. What is the highest common factor of m and 80?
20
Suppose -2*l + 70 = -5*s, -78 = -l - l + 3*s. Calculate the highest common divisor of 27 and l.
9
Let c be (0 - (2 - 1))*270/(-9). Suppose t = 6*t - 10, -w = 3*t - 9. Calculate the highest common factor of w and c.
3
Let a = 61 - 14. Calculate the greatest common divisor of a and 329.
47
Let z(w) be the first derivative of -10*w**2 - 4. Let q be z(-1). What is the greatest common factor of q and 30?
10
Let p(a) = -3*a**3 + 8*a**2 + 2*a + 7. Let n(w) = w**3. Let j(v) = 4*n(v) + p(v). Let l be j(-7). What is the highest common divisor of 105 and l?
21
Let r(w) = w**2 - 2*w. Let n be r(2). Suppose -4*o + 5 + 7 = n. Let i(v) = v + 1. Let q be i(2). Calculate the greatest common factor of o and q.
3
Let s be (-310)/(-6) - (-13)/39. What is the greatest common divisor of s and 26?
26
Suppose -c - 5*t = 4*c - 30, -3*t + 20 = 5*c. Suppose 0 = -2*k + 3 + c. Suppose 0 = x + 2*u - 5, -1 = 5*u - 6. Calculate the greatest common divisor of k and x.
1
Let x = -1 - -9. Let k = -4 + x. Suppose -150 - 70 = -k*n. Calculate the highest common divisor of 22 and n.
11
Let l be 1*((-1)/1 + 56). Calculate the highest common divisor of l and 5.
5
Suppose s + 2*a = 3*a + 142, a = 2*s - 287. Suppose -11*d - 116 = -13*d. What is the highest common factor of s and d?
29
Let f be -2 + (299 - (1 + -2)). Let k = -198 + f. Let o = -30 + 40. What is the greatest common factor of k and o?
10
Suppose -34 - 26 = -4*b. Suppose 3*w - 47 = 2*r, -3*w + 3*r = -60 + b. Calculate the highest common divisor of 17 and w.
17
Let j = -818 + 1520. Let p be (-3)/(-5) + j/30. What is the greatest common factor of 3 and p?
3
Let b = 20 - 0. Let w be 3*2/(-1 + 3). Let j be (10/25)/(w/1050). What is the highest common factor of j and b?
20
Suppose -2*n - 4*s + 6 = -0*s, -4*s = 8. Let g = n + 8. Calculate the highest common factor of 30 and g.
15
Let v = 15 - 12. Calculate the highest common factor of 27 and v.
3
Suppose 0 = 6*g - 5*g - 18. Calculate the highest common factor of g and 162.
18
Let i = 1 - -6. Let v = -27 - -90. Calculate the greatest common factor of v and i.
7
Suppose -670 = -4*w - 142. Suppose -j - w = j. Let d = -44 - j. Calculate the highest common factor of 22 and d.
22
Let c(a) = -2*a - 3. Let w be c(-4). Let i = -5 - -2. Let q be (2 + i)/((-5)/275). What is the greatest common factor of w and q?
5
Let p = 102 - 72. Let t = -24 + 34. Calculate the highest common divisor of t and p.
10
Let h be 0*2/(-2) - 4. Let j(t) = -t - 2. Let p be j(h). What is the highest common factor of 2 and p?
2
Let u = 52 + 104. Let r be (-6)/15 - u/(-15). What is the greatest common factor of r and 10?
10
Let u(o) = o**3 - 6*o**2 + 9. Let i be u(6). Calculate the greatest common divisor of 45 and i.
9
Suppose s = -0*s - 2*y - 9, -24 = 4*s + 5*y. Let o be -2*(s + (-9)/2). Calculate the greatest common factor of 33 and o.
11
Suppose 3*h - 368 = 2*b + h, 3*b + 4*h + 552 = 0. Let f = 259 + b. What is the greatest common divisor of f and 30?
15
Suppose 2*d = 5*f - 59, 5*d - 2*d + 61 = 5*f. What is the greatest common divisor of f and 1?
1
Let k be (-214)/(-6) + 2/(-3). Let r = k - 5. What is the greatest common divisor of 6 and r?
6
Let a(j) = 2*j**2 + 2*j + 3. Let w = -4 + 1. Let y be a(w). What is the highest common factor of y and 15?
15
Suppose 5*m = -u + 18, 2*m + 0*u = 3*u - 3. What is the greatest common divisor of m and 27?
3
Let k(b) = b**3 + 6*b**2 + 6*b + 3. Let j = -2 + -3. Let s be k(j). Let z be (-10)/(-4)*(-24)/s. Calculate the highest common divisor of z and 6.
6
Let z(w) = w**2 + 5*w - 1. Let o be z(6). Suppose -o = -3*j - 23. What is the greatest common divisor of 35 and j?
7
Let o(f) = -5*f - 1. Suppose -2*h = -6 + 10. Let p be o(h). What is the greatest common divisor of 1 and p?
1
Let a be (-6)/10 + (-66)/(-10). Let v(n) = n + 2. Let b be v(a). What is the highest common divisor of b and 64?
8
Let c(f) = -f + 11. Let x be c(8). Calculate the highest common divisor of x and 21.
3
Suppose 3 = i + d + 4, 24 = i - 4*d. Suppose -t - 3 + 37 = 4*j, 4*t - i*j = 36. What is the highest common divisor of t and 14?
14
Let t = 931 - 656. Calculate the greatest common divisor of t and 25.
25
Let t(d) = -4*d. Let z = -5 + 4. Let u be t(z). Suppose -u*v + 245 - 85 = 0. Calculate the greatest common factor of 8 and v.
8
Suppose -4*d - f = -46, 0*f - 42 = -3*d + 3*f. Suppose d = -0*u + u. Calculate the greatest common factor of u and 8.
4
Let w = -86 + 150. What is the highest common divisor of w and 16?
16
Let g be (-38)/(-8) + 2/8. Suppose -5*s - 43 = -j, 75 - 26 = 3*j + g*s. Suppose -7 = -2*m + j. Calculate the greatest common divisor of 6 and m.
3
Let s be (3 + -4)/1*-7. Let g be 2/(-7) - 1290/42. Let t = -10 - g. What is the highest common divisor of s and t?
7
Let f be ((-75)/2)/(3/(-6)). What is the highest common divisor of f and 30?
15
Let n(j) = -j**2 + 10*j - 7. Let m be n(9). Let q be 1*(1 - m - -8). What is the greatest common divisor of 1 and q?
1
Let u(h) = 2*h - 2. Let q be u(-8). Let b be (-2570)/(-18) + (-4)/q. What is the greatest common divisor of 13 and b?
13
Suppose 0 = -6*d + d. Suppose b - 9 - 1 = d. What is the greatest common divisor of 25 and b?
5
Let m = -105 - -121. Let y = 5 - -35. What is the highest common divisor of y and m?
8
Suppose 5*p = 3*v + 212, -2*v - 3*v + 180 = 5*p. Suppose n - p = -3*n. What is the greatest common divisor of 2 and n?
2
Suppose -1 = 6*g - 7. Let c = g - -8. Let v = -234 - -333. What is the greatest common factor of c and v?
9
Suppose -2*d + 160 = -d. Let i = 33 - 13. What is the greatest common factor of i and d?
20
Let a = 0 - -11. Calculate the greatest common factor of a and 33.
11
Let s(v) = 3*v + 1. Let g be (4/8)/((-2)/(-8)). Suppose -3*o + 3 = -g*o. Let z be s(o). Calculate the greatest common divisor of 20 and z.
10
Let g(a) = -21*a**3 - 2*a**2 - 2*a - 1. Let i be g(-1). Suppose -6*u + 2*u + i = 0. What is the highest common divisor of u and 25?
5
Let n = 216 + -96. What is the greatest common divisor of 24 and n?
24
Suppose -2*d = 5*j - 263, d + 273 = 3*d + 3*j. Let x be 1/(4/(-20) + 23/90). Calculate the greatest common factor of d and x.
18
Let c be (-2)/((-6)/51) + (-4)/(-4). What is the highest common factor of c and 24?
6
Suppose 1 + 223 = 8*o. What is the highest common factor of o and 56?
28
Let r(b) = 3*b**2 - 3*b + 3. Let d be r(2). Suppose -s + 5*o = -0*s - 45, -5*s = -4*o - 225. Calculate the highest common divisor of d and s.
9
Let d = 2 - -12. Suppose 3*x + 2 - 1 = 4*h, -5*h = -3*x - 5. Suppose h*i + 21 = 5*i. What is the highest common factor of i and d?
7
Let v = -2 + 9. Let l = 58 + -44. Calculate the highest common factor of v and l.
7
Suppose -4*s = -7*s. Suppose h = -s*h + 